{"id":39,"date":"2014-03-25T14:08:32","date_gmt":"2014-03-25T13:08:32","guid":{"rendered":"http:\/\/www.kompanie-hindenburg.de\/?page_id=39"},"modified":"2017-01-11T17:49:17","modified_gmt":"2017-01-11T16:49:17","slug":"unsere-wuerdentraeger","status":"publish","type":"page","link":"http:\/\/www.kompanie-hindenburg.de\/?page_id=39","title":{"rendered":"Unsere W\u00fcrdentr\u00e4ger"},"content":{"rendered":"<h3>Unser K\u00f6nig 2016 \/ 2017<br \/>\nK\u00f6nig Stefan II &amp; K\u00f6nigin Silvia Niemeyer<\/h3>\n<p><a href=\"http:\/\/www.kompanie-hindenburg.de\/wp-content\/uploads\/2014\/03\/Koenig_Sefan_Silvia_Niemeyer.jpg\" rel=\"attachment wp-att-796\"><img loading=\"lazy\" decoding=\"async\" class=\"alignnone size-full wp-image-796\" src=\"http:\/\/www.kompanie-hindenburg.de\/wp-content\/uploads\/2014\/03\/Koenig_Sefan_Silvia_Niemeyer.jpg\" alt=\"koenig_sefan_silvia_niemeyer\" width=\"641\" height=\"429\" srcset=\"http:\/\/www.kompanie-hindenburg.de\/wp-content\/uploads\/2014\/03\/Koenig_Sefan_Silvia_Niemeyer.jpg 641w, http:\/\/www.kompanie-hindenburg.de\/wp-content\/uploads\/2014\/03\/Koenig_Sefan_Silvia_Niemeyer-300x201.jpg 300w\" sizes=\"auto, (max-width: 641px) 100vw, 641px\" \/><\/a><\/p>\n<p><span style=\"font-size: 2.625em;\">Minister:<\/span><\/p>\n<table style=\"width: 809px; height: 914px;\" border=\"0\" cellspacing=\"2\" cellpadding=\"2\">\n<tbody>\n<tr>\n<td>Minister Hauke &amp; Gaby Anders (Kp. Hindenburg)<\/td>\n<td>Minister Dr. Marc &amp; Miranda Koene (Kp. Hindenburg)<\/td>\n<\/tr>\n<tr>\n<td><a href=\"http:\/\/www.kompanie-hindenburg.de\/wp-content\/uploads\/2014\/03\/Minister_Hauke_Gaby_Anders.jpg\" rel=\"attachment wp-att-797\"><img loading=\"lazy\" decoding=\"async\" class=\"alignnone size-full wp-image-797\" src=\"http:\/\/www.kompanie-hindenburg.de\/wp-content\/uploads\/2014\/03\/Minister_Hauke_Gaby_Anders.jpg\" alt=\"minister_hauke_gaby_anders\" width=\"320\" height=\"479\" srcset=\"http:\/\/www.kompanie-hindenburg.de\/wp-content\/uploads\/2014\/03\/Minister_Hauke_Gaby_Anders.jpg 320w, http:\/\/www.kompanie-hindenburg.de\/wp-content\/uploads\/2014\/03\/Minister_Hauke_Gaby_Anders-200x300.jpg 200w\" sizes=\"auto, (max-width: 320px) 100vw, 320px\" \/><\/a><\/td>\n<td><a href=\"http:\/\/www.kompanie-hindenburg.de\/wp-content\/uploads\/2014\/03\/Minister_Dr_Marc_Miranda_Koene.jpg\" rel=\"attachment wp-att-798\"><img loading=\"lazy\" decoding=\"async\" class=\"alignnone size-full wp-image-798\" src=\"http:\/\/www.kompanie-hindenburg.de\/wp-content\/uploads\/2014\/03\/Minister_Dr_Marc_Miranda_Koene.jpg\" alt=\"minister_dr_marc_miranda_koene\" width=\"320\" height=\"479\" srcset=\"http:\/\/www.kompanie-hindenburg.de\/wp-content\/uploads\/2014\/03\/Minister_Dr_Marc_Miranda_Koene.jpg 320w, http:\/\/www.kompanie-hindenburg.de\/wp-content\/uploads\/2014\/03\/Minister_Dr_Marc_Miranda_Koene-200x300.jpg 200w\" sizes=\"auto, (max-width: 320px) 100vw, 320px\" \/><\/a><\/td>\n<\/tr>\n<tr>\n<td>Minister Simon &amp; Sarah Tabeling (Kp. Oyhte)<\/td>\n<td>Minister Stefan &amp; Karin Warnking (Kp. Oythe)<\/td>\n<\/tr>\n<tr>\n<td><a href=\"http:\/\/www.kompanie-hindenburg.de\/wp-content\/uploads\/2014\/03\/Minister_Simon_Sarah_Tabeling.jpg\" rel=\"attachment wp-att-799\"><img loading=\"lazy\" decoding=\"async\" class=\"alignnone size-full wp-image-799\" src=\"http:\/\/www.kompanie-hindenburg.de\/wp-content\/uploads\/2014\/03\/Minister_Simon_Sarah_Tabeling.jpg\" alt=\"minister_simon_sarah_tabeling\" width=\"320\" height=\"479\" srcset=\"http:\/\/www.kompanie-hindenburg.de\/wp-content\/uploads\/2014\/03\/Minister_Simon_Sarah_Tabeling.jpg 320w, http:\/\/www.kompanie-hindenburg.de\/wp-content\/uploads\/2014\/03\/Minister_Simon_Sarah_Tabeling-200x300.jpg 200w\" sizes=\"auto, (max-width: 320px) 100vw, 320px\" \/><\/a><\/td>\n<td><a href=\"http:\/\/www.kompanie-hindenburg.de\/wp-content\/uploads\/2014\/03\/Minister_Stefan_Karin_Warnking.jpg\" rel=\"attachment wp-att-800\"><img loading=\"lazy\" decoding=\"async\" class=\"alignnone size-full wp-image-800\" src=\"http:\/\/www.kompanie-hindenburg.de\/wp-content\/uploads\/2014\/03\/Minister_Stefan_Karin_Warnking.jpg\" alt=\"minister_stefan_karin_warnking\" width=\"320\" height=\"479\" srcset=\"http:\/\/www.kompanie-hindenburg.de\/wp-content\/uploads\/2014\/03\/Minister_Stefan_Karin_Warnking.jpg 320w, http:\/\/www.kompanie-hindenburg.de\/wp-content\/uploads\/2014\/03\/Minister_Stefan_Karin_Warnking-200x300.jpg 200w\" sizes=\"auto, (max-width: 320px) 100vw, 320px\" \/><\/a><\/td>\n<\/tr>\n<\/tbody>\n<\/table>\n<table style=\"height: 705px;\" width=\"809\">\n<tbody>\n<tr>\n<td colspan=\"2\">\n<h3>Unsere Sch\u00fctzenkaiser<\/h3>\n<\/td>\n<\/tr>\n<tr>\n<td>\n<h3>Hauke Anders<br \/>\n2014 &#8211; 2019<\/h3>\n<\/td>\n<td>\n<h3>Peter Spille<br \/>\n2004 &#8211; 2014<\/h3>\n<\/td>\n<\/tr>\n<tr>\n<td>\n<h3><a href=\"http:\/\/www.kompanie-hindenburg.de\/wp-content\/uploads\/2014\/03\/Kaiser_Hauke_Anders.jpg\" rel=\"attachment wp-att-802\"><img loading=\"lazy\" decoding=\"async\" class=\"alignnone size-full wp-image-802\" src=\"http:\/\/www.kompanie-hindenburg.de\/wp-content\/uploads\/2014\/03\/Kaiser_Hauke_Anders.jpg\" alt=\"kaiser_hauke_anders\" width=\"320\" height=\"479\" srcset=\"http:\/\/www.kompanie-hindenburg.de\/wp-content\/uploads\/2014\/03\/Kaiser_Hauke_Anders.jpg 320w, http:\/\/www.kompanie-hindenburg.de\/wp-content\/uploads\/2014\/03\/Kaiser_Hauke_Anders-200x300.jpg 200w\" sizes=\"auto, (max-width: 320px) 100vw, 320px\" \/><\/a><\/h3>\n<\/td>\n<td>\n<h3><a href=\"http:\/\/www.kompanie-hindenburg.de\/wp-content\/uploads\/2014\/03\/kaiser_2014.jpg\"><img loading=\"lazy\" decoding=\"async\" class=\"alignnone wp-image-40\" src=\"http:\/\/www.kompanie-hindenburg.de\/wp-content\/uploads\/2014\/03\/kaiser_2014.jpg\" alt=\"OLYMPUS DIGITAL CAMERA\" width=\"380\" height=\"479\" srcset=\"http:\/\/www.kompanie-hindenburg.de\/wp-content\/uploads\/2014\/03\/kaiser_2014.jpg 278w, http:\/\/www.kompanie-hindenburg.de\/wp-content\/uploads\/2014\/03\/kaiser_2014-238x300.jpg 238w\" sizes=\"auto, (max-width: 380px) 100vw, 380px\" \/><\/a><\/h3>\n<\/td>\n<\/tr>\n<\/tbody>\n<\/table>\n<h3><\/h3>\n<p>&nbsp;<\/p>\n<p>&nbsp;<\/p>\n<p>&nbsp;<\/p>\n<hr style=\"width: 100%;\" width=\"100%\" \/>\n<h3>Ehrungen f\u00fcr 50 Jahre Mitgliedschaft im BSV Vechta.<\/h3>\n<p><a href=\"http:\/\/www.kompanie-hindenburg.de\/wp-content\/uploads\/2014\/03\/kpf_2_50_jahre.jpg\"><img loading=\"lazy\" decoding=\"async\" class=\"alignnone size-full wp-image-42\" src=\"http:\/\/www.kompanie-hindenburg.de\/wp-content\/uploads\/2014\/03\/kpf_2_50_jahre.jpg\" alt=\"OLYMPUS DIGITAL CAMERA\" width=\"393\" height=\"450\" srcset=\"http:\/\/www.kompanie-hindenburg.de\/wp-content\/uploads\/2014\/03\/kpf_2_50_jahre.jpg 393w, http:\/\/www.kompanie-hindenburg.de\/wp-content\/uploads\/2014\/03\/kpf_2_50_jahre-262x300.jpg 262w\" sizes=\"auto, (max-width: 393px) 100vw, 393px\" \/><\/a><\/p>\n<p>(v.l.n.r.) +Josef Grieshop und Edmund Lohwasser als M\u00e4nner der ersten Stunde f\u00fcr ihre 50-j\u00e4hrige Mitgliedschaft im B\u00fcrgersch\u00fctzenverein Vechta und in der Kompanie Hindenburg mit einer Ehrennadel.<\/p>\n<hr style=\"width: 100%;\" width=\"100%\" \/>\n<h3>Manfred Reinke als Kompanief\u00fchrer verabschiedet.<\/h3>\n<p>Bei der Kompanie Hindenburg gab es einen F\u00fchrungswechsel. Nach 18 Jahren stand Manfred Reinke f\u00fcr eine Wiederwahl nicht mehr zur Verf\u00fcgung .Er bedankte sich bei seiner Kompanie und Vorstandskollegen f\u00fcr die langj\u00e4hrige gute Zusammenarbeit und w\u00fcnschte seinem Nachfolger Herbert Tepe allzeit ein gutes H\u00e4ndchen.<\/p>\n<p><a href=\"http:\/\/www.kompanie-hindenburg.de\/wp-content\/uploads\/2014\/03\/manfred_reinke.gif\"><img loading=\"lazy\" decoding=\"async\" class=\"alignnone size-full wp-image-45\" src=\"http:\/\/www.kompanie-hindenburg.de\/wp-content\/uploads\/2014\/03\/manfred_reinke.gif\" alt=\"manfred_reinke\" width=\"400\" height=\"407\" \/><\/a><\/p>\n<hr style=\"width: 100%;\" width=\"100%\" \/>\n<h3>Gro\u00dfe Verdienstnadel des III. Bataillon:<\/h3>\n<h4>2006<\/h4>\n<p>Ulrich M\u00fcller<br \/>\n<a href=\"http:\/\/www.kompanie-hindenburg.de\/wp-content\/uploads\/2014\/03\/ehrennadel_2006u_mueller.jpg\"><img loading=\"lazy\" decoding=\"async\" class=\"alignnone size-full wp-image-47\" src=\"http:\/\/www.kompanie-hindenburg.de\/wp-content\/uploads\/2014\/03\/ehrennadel_2006u_mueller.jpg\" alt=\"ehrennadel_2006u_mueller\" width=\"306\" height=\"362\" srcset=\"http:\/\/www.kompanie-hindenburg.de\/wp-content\/uploads\/2014\/03\/ehrennadel_2006u_mueller.jpg 306w, http:\/\/www.kompanie-hindenburg.de\/wp-content\/uploads\/2014\/03\/ehrennadel_2006u_mueller-253x300.jpg 253w\" sizes=\"auto, (max-width: 306px) 100vw, 306px\" \/><\/a><\/p>\n<hr style=\"width: 100%;\" width=\"100%\" \/>\n<h4>2005<\/h4>\n<p>Ludger Schillm\u00f6ller<br \/>\n<a href=\"http:\/\/www.kompanie-hindenburg.de\/wp-content\/uploads\/2014\/03\/bat_3_2005-024.jpg\"><img loading=\"lazy\" decoding=\"async\" class=\"alignnone size-full wp-image-48\" src=\"http:\/\/www.kompanie-hindenburg.de\/wp-content\/uploads\/2014\/03\/bat_3_2005-024.jpg\" alt=\"bat_3_2005 024\" width=\"600\" height=\"450\" srcset=\"http:\/\/www.kompanie-hindenburg.de\/wp-content\/uploads\/2014\/03\/bat_3_2005-024.jpg 600w, http:\/\/www.kompanie-hindenburg.de\/wp-content\/uploads\/2014\/03\/bat_3_2005-024-300x225.jpg 300w\" sizes=\"auto, (max-width: 600px) 100vw, 600px\" \/><\/a><\/p>\n","protected":false},"excerpt":{"rendered":"<p>Unser K\u00f6nig 2016 \/ 2017 K\u00f6nig Stefan II &amp; K\u00f6nigin Silvia Niemeyer Minister: Minister Hauke &amp; Gaby Anders (Kp. Hindenburg) Minister Dr. Marc &amp; Miranda Koene (Kp. Hindenburg) Minister Simon &amp; Sarah Tabeling (Kp. Oyhte) Minister Stefan &amp; Karin Warnking (Kp. Oythe) Unsere Sch\u00fctzenkaiser Hauke Anders 2014 &#8211; 2019 Peter Spille 2004 &#8211; 2014 &nbsp; [&hellip;]<\/p>\n","protected":false},"author":2,"featured_media":0,"parent":30,"menu_order":2,"comment_status":"closed","ping_status":"closed","template":"","meta":{"ngg_post_thumbnail":0,"footnotes":""},"class_list":["post-39","page","type-page","status-publish","hentry"],"aioseo_notices":[],"_links":{"self":[{"href":"http:\/\/www.kompanie-hindenburg.de\/index.php?rest_route=\/wp\/v2\/pages\/39","targetHints":{"allow":["GET"]}}],"collection":[{"href":"http:\/\/www.kompanie-hindenburg.de\/index.php?rest_route=\/wp\/v2\/pages"}],"about":[{"href":"http:\/\/www.kompanie-hindenburg.de\/index.php?rest_route=\/wp\/v2\/types\/page"}],"author":[{"embeddable":true,"href":"http:\/\/www.kompanie-hindenburg.de\/index.php?rest_route=\/wp\/v2\/users\/2"}],"replies":[{"embeddable":true,"href":"http:\/\/www.kompanie-hindenburg.de\/index.php?rest_route=%2Fwp%2Fv2%2Fcomments&post=39"}],"version-history":[{"count":24,"href":"http:\/\/www.kompanie-hindenburg.de\/index.php?rest_route=\/wp\/v2\/pages\/39\/revisions"}],"predecessor-version":[{"id":804,"href":"http:\/\/www.kompanie-hindenburg.de\/index.php?rest_route=\/wp\/v2\/pages\/39\/revisions\/804"}],"up":[{"embeddable":true,"href":"http:\/\/www.kompanie-hindenburg.de\/index.php?rest_route=\/wp\/v2\/pages\/30"}],"wp:attachment":[{"href":"http:\/\/www.kompanie-hindenburg.de\/index.php?rest_route=%2Fwp%2Fv2%2Fmedia&parent=39"}],"curies":[{"name":"wp","href":"https:\/\/api.w.org\/{rel}","templated":true}]}}

Unsere Würdenträger

<h3>Unser König 2016 / 2017<br />
König Stefan II &amp; Königin Silvia Niemeyer</h3>
<p><a href="http://www.kompanie-hindenburg.de/wp-content/uploads/2014/03/Koenig_Sefan_Silvia_Niemeyer.jpg" rel="attachment wp-att-796"><img loading="lazy" decoding="async" class="alignnone size-full wp-image-796" src="http://www.kompanie-hindenburg.de/wp-content/uploads/2014/03/Koenig_Sefan_Silvia_Niemeyer.jpg" alt="koenig_sefan_silvia_niemeyer" width="641" height="429" srcset="http://www.kompanie-hindenburg.de/wp-content/uploads/2014/03/Koenig_Sefan_Silvia_Niemeyer.jpg 641w, http://www.kompanie-hindenburg.de/wp-content/uploads/2014/03/Koenig_Sefan_Silvia_Niemeyer-300x201.jpg 300w" sizes="auto, (max-width: 641px) 100vw, 641px" /></a></p>
<p><span style="font-size: 2.625em;">Minister:</span></p>
<table style="width: 809px; height: 914px;" border="0" cellspacing="2" cellpadding="2">
<tbody>
<tr>
<td>Minister Hauke &amp; Gaby Anders (Kp. Hindenburg)</td>
<td>Minister Dr. Marc &amp; Miranda Koene (Kp. Hindenburg)</td>
</tr>
<tr>
<td><a href="http://www.kompanie-hindenburg.de/wp-content/uploads/2014/03/Minister_Hauke_Gaby_Anders.jpg" rel="attachment wp-att-797"><img loading="lazy" decoding="async" class="alignnone size-full wp-image-797" src="http://www.kompanie-hindenburg.de/wp-content/uploads/2014/03/Minister_Hauke_Gaby_Anders.jpg" alt="minister_hauke_gaby_anders" width="320" height="479" srcset="http://www.kompanie-hindenburg.de/wp-content/uploads/2014/03/Minister_Hauke_Gaby_Anders.jpg 320w, http://www.kompanie-hindenburg.de/wp-content/uploads/2014/03/Minister_Hauke_Gaby_Anders-200x300.jpg 200w" sizes="auto, (max-width: 320px) 100vw, 320px" /></a></td>
<td><a href="http://www.kompanie-hindenburg.de/wp-content/uploads/2014/03/Minister_Dr_Marc_Miranda_Koene.jpg" rel="attachment wp-att-798"><img loading="lazy" decoding="async" class="alignnone size-full wp-image-798" src="http://www.kompanie-hindenburg.de/wp-content/uploads/2014/03/Minister_Dr_Marc_Miranda_Koene.jpg" alt="minister_dr_marc_miranda_koene" width="320" height="479" srcset="http://www.kompanie-hindenburg.de/wp-content/uploads/2014/03/Minister_Dr_Marc_Miranda_Koene.jpg 320w, http://www.kompanie-hindenburg.de/wp-content/uploads/2014/03/Minister_Dr_Marc_Miranda_Koene-200x300.jpg 200w" sizes="auto, (max-width: 320px) 100vw, 320px" /></a></td>
</tr>
<tr>
<td>Minister Simon &amp; Sarah Tabeling (Kp. Oyhte)</td>
<td>Minister Stefan &amp; Karin Warnking (Kp. Oythe)</td>
</tr>
<tr>
<td><a href="http://www.kompanie-hindenburg.de/wp-content/uploads/2014/03/Minister_Simon_Sarah_Tabeling.jpg" rel="attachment wp-att-799"><img loading="lazy" decoding="async" class="alignnone size-full wp-image-799" src="http://www.kompanie-hindenburg.de/wp-content/uploads/2014/03/Minister_Simon_Sarah_Tabeling.jpg" alt="minister_simon_sarah_tabeling" width="320" height="479" srcset="http://www.kompanie-hindenburg.de/wp-content/uploads/2014/03/Minister_Simon_Sarah_Tabeling.jpg 320w, http://www.kompanie-hindenburg.de/wp-content/uploads/2014/03/Minister_Simon_Sarah_Tabeling-200x300.jpg 200w" sizes="auto, (max-width: 320px) 100vw, 320px" /></a></td>
<td><a href="http://www.kompanie-hindenburg.de/wp-content/uploads/2014/03/Minister_Stefan_Karin_Warnking.jpg" rel="attachment wp-att-800"><img loading="lazy" decoding="async" class="alignnone size-full wp-image-800" src="http://www.kompanie-hindenburg.de/wp-content/uploads/2014/03/Minister_Stefan_Karin_Warnking.jpg" alt="minister_stefan_karin_warnking" width="320" height="479" srcset="http://www.kompanie-hindenburg.de/wp-content/uploads/2014/03/Minister_Stefan_Karin_Warnking.jpg 320w, http://www.kompanie-hindenburg.de/wp-content/uploads/2014/03/Minister_Stefan_Karin_Warnking-200x300.jpg 200w" sizes="auto, (max-width: 320px) 100vw, 320px" /></a></td>
</tr>
</tbody>
</table>
<table style="height: 705px;" width="809">
<tbody>
<tr>
<td colspan="2">
<h3>Unsere Schützenkaiser</h3>
</td>
</tr>
<tr>
<td>
<h3>Hauke Anders<br />
2014 &#8211; 2019</h3>
</td>
<td>
<h3>Peter Spille<br />
2004 &#8211; 2014</h3>
</td>
</tr>
<tr>
<td>
<h3><a href="http://www.kompanie-hindenburg.de/wp-content/uploads/2014/03/Kaiser_Hauke_Anders.jpg" rel="attachment wp-att-802"><img loading="lazy" decoding="async" class="alignnone size-full wp-image-802" src="http://www.kompanie-hindenburg.de/wp-content/uploads/2014/03/Kaiser_Hauke_Anders.jpg" alt="kaiser_hauke_anders" width="320" height="479" srcset="http://www.kompanie-hindenburg.de/wp-content/uploads/2014/03/Kaiser_Hauke_Anders.jpg 320w, http://www.kompanie-hindenburg.de/wp-content/uploads/2014/03/Kaiser_Hauke_Anders-200x300.jpg 200w" sizes="auto, (max-width: 320px) 100vw, 320px" /></a></h3>
</td>
<td>
<h3><a href="http://www.kompanie-hindenburg.de/wp-content/uploads/2014/03/kaiser_2014.jpg"><img loading="lazy" decoding="async" class="alignnone wp-image-40" src="http://www.kompanie-hindenburg.de/wp-content/uploads/2014/03/kaiser_2014.jpg" alt="OLYMPUS DIGITAL CAMERA" width="380" height="479" srcset="http://www.kompanie-hindenburg.de/wp-content/uploads/2014/03/kaiser_2014.jpg 278w, http://www.kompanie-hindenburg.de/wp-content/uploads/2014/03/kaiser_2014-238x300.jpg 238w" sizes="auto, (max-width: 380px) 100vw, 380px" /></a></h3>
</td>
</tr>
</tbody>
</table>
<h3></h3>
<p>&nbsp;</p>
<p>&nbsp;</p>
<p>&nbsp;</p>
<hr style="width: 100%;" width="100%" />
<h3>Ehrungen für 50 Jahre Mitgliedschaft im BSV Vechta.</h3>
<p><a href="http://www.kompanie-hindenburg.de/wp-content/uploads/2014/03/kpf_2_50_jahre.jpg"><img loading="lazy" decoding="async" class="alignnone size-full wp-image-42" src="http://www.kompanie-hindenburg.de/wp-content/uploads/2014/03/kpf_2_50_jahre.jpg" alt="OLYMPUS DIGITAL CAMERA" width="393" height="450" srcset="http://www.kompanie-hindenburg.de/wp-content/uploads/2014/03/kpf_2_50_jahre.jpg 393w, http://www.kompanie-hindenburg.de/wp-content/uploads/2014/03/kpf_2_50_jahre-262x300.jpg 262w" sizes="auto, (max-width: 393px) 100vw, 393px" /></a></p>
<p>(v.l.n.r.) +Josef Grieshop und Edmund Lohwasser als Männer der ersten Stunde für ihre 50-jährige Mitgliedschaft im Bürgerschützenverein Vechta und in der Kompanie Hindenburg mit einer Ehrennadel.</p>
<hr style="width: 100%;" width="100%" />
<h3>Manfred Reinke als Kompanieführer verabschiedet.</h3>
<p>Bei der Kompanie Hindenburg gab es einen Führungswechsel. Nach 18 Jahren stand Manfred Reinke für eine Wiederwahl nicht mehr zur Verfügung .Er bedankte sich bei seiner Kompanie und Vorstandskollegen für die langjährige gute Zusammenarbeit und wünschte seinem Nachfolger Herbert Tepe allzeit ein gutes Händchen.</p>
<p><a href="http://www.kompanie-hindenburg.de/wp-content/uploads/2014/03/manfred_reinke.gif"><img loading="lazy" decoding="async" class="alignnone size-full wp-image-45" src="http://www.kompanie-hindenburg.de/wp-content/uploads/2014/03/manfred_reinke.gif" alt="manfred_reinke" width="400" height="407" /></a></p>
<hr style="width: 100%;" width="100%" />
<h3>Große Verdienstnadel des III. Bataillon:</h3>
<h4>2006</h4>
<p>Ulrich Müller<br />
<a href="http://www.kompanie-hindenburg.de/wp-content/uploads/2014/03/ehrennadel_2006u_mueller.jpg"><img loading="lazy" decoding="async" class="alignnone size-full wp-image-47" src="http://www.kompanie-hindenburg.de/wp-content/uploads/2014/03/ehrennadel_2006u_mueller.jpg" alt="ehrennadel_2006u_mueller" width="306" height="362" srcset="http://www.kompanie-hindenburg.de/wp-content/uploads/2014/03/ehrennadel_2006u_mueller.jpg 306w, http://www.kompanie-hindenburg.de/wp-content/uploads/2014/03/ehrennadel_2006u_mueller-253x300.jpg 253w" sizes="auto, (max-width: 306px) 100vw, 306px" /></a></p>
<hr style="width: 100%;" width="100%" />
<h4>2005</h4>
<p>Ludger Schillmöller<br />
<a href="http://www.kompanie-hindenburg.de/wp-content/uploads/2014/03/bat_3_2005-024.jpg"><img loading="lazy" decoding="async" class="alignnone size-full wp-image-48" src="http://www.kompanie-hindenburg.de/wp-content/uploads/2014/03/bat_3_2005-024.jpg" alt="bat_3_2005 024" width="600" height="450" srcset="http://www.kompanie-hindenburg.de/wp-content/uploads/2014/03/bat_3_2005-024.jpg 600w, http://www.kompanie-hindenburg.de/wp-content/uploads/2014/03/bat_3_2005-024-300x225.jpg 300w" sizes="auto, (max-width: 600px) 100vw, 600px" /></a></p>

<p>Unser König 2016 / 2017 König Stefan II &amp; Königin Silvia Niemeyer Minister: Minister Hauke &amp; Gaby Anders (Kp. Hindenburg) Minister Dr. Marc &amp; Miranda Koene (Kp. Hindenburg) Minister Simon &amp; Sarah Tabeling (Kp. Oyhte) Minister Stefan &amp; Karin Warnking (Kp. Oythe) Unsere Schützenkaiser Hauke Anders 2014 &#8211; 2019 Peter Spille 2004 &#8211; 2014 &nbsp; [&hellip;]</p>
