{"id":123,"date":"2014-03-25T16:02:15","date_gmt":"2014-03-25T15:02:15","guid":{"rendered":"http:\/\/www.kompanie-hindenburg.de\/?page_id=123"},"modified":"2020-05-06T07:54:13","modified_gmt":"2020-05-06T05:54:13","slug":"kohlkoeniginnen-und-kohlkoenig","status":"publish","type":"page","link":"http:\/\/www.kompanie-hindenburg.de\/?page_id=123","title":{"rendered":"Kohlk\u00f6niginnen und Kohlk\u00f6nig"},"content":{"rendered":"<table style=\"width: 100%;\" border=\"0\" cellspacing=\"2\" cellpadding=\"2\">\n<tbody>\n<tr>\n<td>2019<\/td>\n<td>Ursula Sextro<\/td>\n<td>Bernhard Middelkamp<\/td>\n<\/tr>\n<tr>\n<td>2018<\/td>\n<td>Janet Grieshop<\/td>\n<td>Simon Spille<\/td>\n<\/tr>\n<tr>\n<td>2017<\/td>\n<td>Christina Diers<\/td>\n<td>Franz Josef Strothmann<\/td>\n<\/tr>\n<tr>\n<td>2016<\/td>\n<td>Heike Middelkamp<\/td>\n<td>Georg Hake<\/td>\n<\/tr>\n<tr>\n<td>2015<\/td>\n<td>Anke Franzke<\/td>\n<td>Dieter Duyn<\/td>\n<\/tr>\n<tr>\n<td>2014<\/td>\n<td>Sarah Behrens<\/td>\n<td>Raimund Tegeler<\/td>\n<\/tr>\n<tr>\n<td>2013<\/td>\n<td>Birgit Deters<\/td>\n<td>Gottfried Weber<\/td>\n<\/tr>\n<tr>\n<td>2012<\/td>\n<td>Sabine Lammers<\/td>\n<td>Ulrich M\u00fcller<\/td>\n<\/tr>\n<tr>\n<td>2011<\/td>\n<td>Ute Elberfeld<\/td>\n<td>Josef D\u00f6dtmann<\/td>\n<\/tr>\n<tr>\n<td>2010<\/td>\n<td>Christel Stukenborg<\/td>\n<td>Torsten Berndt<\/td>\n<\/tr>\n<tr>\n<td>2009<\/td>\n<td>Ulla K\u00fchling<\/td>\n<td>Matthias Schumacher<\/td>\n<\/tr>\n<tr>\n<td>2008<\/td>\n<td>Gaby Anders<\/td>\n<td>Wolfgang Grieshop<\/td>\n<\/tr>\n<tr>\n<td>2007<\/td>\n<td>Petra Mecklenfeld<\/td>\n<td>Hubert Lammers<\/td>\n<\/tr>\n<tr>\n<td>2006<\/td>\n<td>Stefanie Schwarberg<\/td>\n<td>Ralph Holzenkamp<\/td>\n<\/tr>\n<tr>\n<td>2005<\/td>\n<td>Jutta Sextro<\/td>\n<td>Dierk Br\u00fcggen<\/td>\n<\/tr>\n<tr>\n<td>2004<\/td>\n<td>Angelika Grieshop<\/td>\n<td>Wolfgang Grotel\u00fcschen<\/td>\n<\/tr>\n<tr>\n<td>2003<\/td>\n<td>Elisabeth Spille<\/td>\n<td>Franz Siefke<\/td>\n<\/tr>\n<tr>\n<td>2002<\/td>\n<td>Ingrid Schillm\u00f6ller<\/td>\n<td>Herbert Tepe<\/td>\n<\/tr>\n<tr>\n<td>2001<\/td>\n<td>Gertrud Reinke<\/td>\n<td>Georg Hake<\/td>\n<\/tr>\n<tr>\n<td>2000<\/td>\n<td>Ute Elberfeld<\/td>\n<td>Karl-Otto Sch\u00f6ne<\/td>\n<\/tr>\n<tr>\n<td>1999<\/td>\n<td>Andrea Aulike<\/td>\n<td>Ulrich Vornhusen<\/td>\n<\/tr>\n<tr>\n<td>1998<\/td>\n<td>Hanna Grieshop<\/td>\n<td>G\u00fcnter S\u00fcdbeck<\/td>\n<\/tr>\n<tr>\n<td>1997<\/td>\n<td>Maria J. Huneck<\/td>\n<td>Norbert Grieshop<\/td>\n<\/tr>\n<tr>\n<td>1996<\/td>\n<td>Donata Ahlers<\/td>\n<td>Josef D\u00f6dtmann<\/td>\n<\/tr>\n<tr>\n<td>1995<\/td>\n<td>Magret Siefke<\/td>\n<td>Christoph Strehler<\/td>\n<\/tr>\n<tr>\n<td>1994<\/td>\n<td>Anne Aulike<\/td>\n<td>G\u00fcnther Ostendorf<\/td>\n<\/tr>\n<tr>\n<td>1993<\/td>\n<td>Heike Schmidt (Aulike)<\/td>\n<td>Manfred Reinke<\/td>\n<\/tr>\n<tr>\n<td>1992<\/td>\n<td>Jutta Strehler<\/td>\n<td>Ludger Schillm\u00f6ller<\/td>\n<\/tr>\n<tr>\n<td>1991<\/td>\n<td>Erika Beuse<\/td>\n<td>Peter Spille<\/td>\n<\/tr>\n<tr>\n<td>1990<\/td>\n<td>Ulla Sch\u00fcring<\/td>\n<td>Ferdi Schr\u00f6der<\/td>\n<\/tr>\n<tr>\n<td>1989<\/td>\n<td>Agnes Spille<\/td>\n<td>Franz Schillm\u00f6ller<\/td>\n<\/tr>\n<tr>\n<td>1988<\/td>\n<td>Anne J\u00e4ger<\/td>\n<td>Hans Busch<\/td>\n<\/tr>\n<\/tbody>\n<\/table>\n","protected":false},"excerpt":{"rendered":"<p>2019 Ursula Sextro Bernhard Middelkamp 2018 Janet Grieshop Simon Spille 2017 Christina Diers Franz Josef Strothmann 2016 Heike Middelkamp Georg Hake 2015 Anke Franzke Dieter Duyn 2014 Sarah Behrens Raimund Tegeler 2013 Birgit Deters Gottfried Weber 2012 Sabine Lammers Ulrich M\u00fcller 2011 Ute Elberfeld Josef D\u00f6dtmann 2010 Christel Stukenborg Torsten Berndt 2009 Ulla K\u00fchling Matthias [&hellip;]<\/p>\n","protected":false},"author":2,"featured_media":0,"parent":50,"menu_order":3,"comment_status":"closed","ping_status":"closed","template":"","meta":{"ngg_post_thumbnail":0,"footnotes":""},"class_list":["post-123","page","type-page","status-publish","hentry"],"aioseo_notices":[],"_links":{"self":[{"href":"http:\/\/www.kompanie-hindenburg.de\/index.php?rest_route=\/wp\/v2\/pages\/123","targetHints":{"allow":["GET"]}}],"collection":[{"href":"http:\/\/www.kompanie-hindenburg.de\/index.php?rest_route=\/wp\/v2\/pages"}],"about":[{"href":"http:\/\/www.kompanie-hindenburg.de\/index.php?rest_route=\/wp\/v2\/types\/page"}],"author":[{"embeddable":true,"href":"http:\/\/www.kompanie-hindenburg.de\/index.php?rest_route=\/wp\/v2\/users\/2"}],"replies":[{"embeddable":true,"href":"http:\/\/www.kompanie-hindenburg.de\/index.php?rest_route=%2Fwp%2Fv2%2Fcomments&post=123"}],"version-history":[{"count":4,"href":"http:\/\/www.kompanie-hindenburg.de\/index.php?rest_route=\/wp\/v2\/pages\/123\/revisions"}],"predecessor-version":[{"id":1420,"href":"http:\/\/www.kompanie-hindenburg.de\/index.php?rest_route=\/wp\/v2\/pages\/123\/revisions\/1420"}],"up":[{"embeddable":true,"href":"http:\/\/www.kompanie-hindenburg.de\/index.php?rest_route=\/wp\/v2\/pages\/50"}],"wp:attachment":[{"href":"http:\/\/www.kompanie-hindenburg.de\/index.php?rest_route=%2Fwp%2Fv2%2Fmedia&parent=123"}],"curies":[{"name":"wp","href":"https:\/\/api.w.org\/{rel}","templated":true}]}}